{"id":24,"date":"2013-05-26T19:47:59","date_gmt":"2013-05-26T17:47:59","guid":{"rendered":"https:\/\/www.RacketMotion.com\/RacketMotion\/?page_id=24"},"modified":"2015-06-18T15:54:00","modified_gmt":"2015-06-18T13:54:00","slug":"rechtliche-hinweise","status":"publish","type":"page","link":"https:\/\/www.RacketMotion.com\/RacketMotion\/rechtliche-hinweise\/","title":{"rendered":"Rechtliche Hinweise"},"content":{"rendered":"<p><strong>Urheberrecht<\/strong><br \/>\nAlle Rechte vorbehalten. Texte, Bilder, Filmmaterial und Grafiken einschlie\u00dflich deren Anordnung auf der &#8222;racketmotion&#8220;-Website unterliegen dem Schutz des Urheberrechts und anderer Schutzgesetze. Sie d\u00fcrfen ganz oder in Ausz\u00fcgen nur zum pers\u00f6nlichen, nicht kommerziellen Gebrauch verwendet werden. Die auf den &#8222;racketmotion&#8220;-Websites wiedergegebenen Bilder, Filmsequenzen sowie Zeitungs- und Zeitschriftenartikel unterliegen zudem teilweise dem Urheberrecht Dritter.<br \/>\nEigene und andere Firmenbezeichnungen, Firmenlogos und Produktnamen, die auf der &#8222;racketmotion&#8220;-Website genannt werden, k\u00f6nnen gesch\u00fctzte Marken der jeweiligen Inhaber sein.<\/p>\n<p><strong>Haftungsausschluss und \u00c4nderungsvorbehalt<\/strong><br \/>\nObwohl die &#8222;racketmotion&#8220; alle Informationen und Bestandteile dieser Website nach bestem Wissen und Gewissen zusammengestellt hat, haftet sie nicht f\u00fcr die Vollst\u00e4ndigkeit, Richtigkeit, Aktualit\u00e4t und technische Exaktheit der auf dieser Website bereitgestellten Informationen. Ebenso wenig haftet die &#8222;racketmotion&#8220; f\u00fcr etwaige Sch\u00e4den, die beim Aufrufen oder Herunterladen von Daten aus dieser Website durch Computerviren verursacht werden. Die &#8222;racketmotion&#8220; beh\u00e4lt sich au\u00dferdem das Recht vor, jederzeit ohne vorherige Ank\u00fcndigung \u00c4nderungen oder Erg\u00e4nzungen der Informationen und Bestandteile dieser Website vorzunehmen.<\/p>\n<p><strong>Gew\u00e4hrleistung<\/strong><br \/>\nDie &#8222;racketmotion&#8220; beh\u00e4lt sich das Recht vor, den Leistungsumfang zu \u00e4ndern, zu erweitern oder die Unentgeltlichkeit f\u00fcr die Nutzung eines Services (z.B badmintonTVlivescore) aufzuheben.Dem Besucher ist bekannt, dass es sich bei den bereitgestellten Informationen u.a. um solche von Dritten handelt. F\u00fcr den Inhalt der Informationen ist die &#8222;racketmotion&#8220; (haftungsbeschr\u00e4nkt) nicht verantwortlich. Eine Gew\u00e4hrleistung f\u00fcr Aktualit\u00e4t, Richtigkeit, Vollst\u00e4ndigkeit der Informationen oder die Verf\u00fcgbarkeit des Internet-Portals \u00fcbernimmt die &#8222;racketmotion&#8220; (haftungsbeschr\u00e4nkt) nicht. Jegliche Gew\u00e4hrleistungsanspr\u00fcche f\u00fcr die kostenlosen Dienste der &#8222;racketmotion&#8220; (haftungsbeschr\u00e4nkt) sind ausgeschlossen.<\/p>\n<p><strong>Verweise (Hyperlinks) auf Websites Dritter<\/strong><br \/>\nDurch Klicken auf bestimmte Verweise (Hyperlinks) auf der &#8222;racketmotion&#8220;-Website k\u00f6nnen Sie diese Website verlassen. Der Inhalt und die Ausgestaltung sowie etwaige \u00c4nderungen der Websites, auf die auf der &#8222;racketmotion&#8220;-Website verwiesen wird, unterliegen nicht der Kontrolle oder dem Einfluss der &#8222;racketmotion&#8220;. Die &#8222;racketmotion&#8220; haftet daher nicht f\u00fcr den Inhalt einer fremden Website, auf die sie auf ihrer Website lediglich pauschal verweist, und auch nicht f\u00fcr auf solchen fremden Websites enthaltene Verweise auf andere Websites.<\/p>\n<p>&nbsp;<\/p>\n","protected":false},"excerpt":{"rendered":"<p>Urheberrecht Alle Rechte vorbehalten. Texte, Bilder, Filmmaterial und Grafiken einschlie\u00dflich deren Anordnung auf der &#8222;racketmotion&#8220;-Website unterliegen dem Schutz des Urheberrechts und anderer Schutzgesetze. Sie d\u00fcrfen ganz oder in Ausz\u00fcgen nur zum pers\u00f6nlichen, nicht kommerziellen Gebrauch verwendet werden. Die auf den &#8222;racketmotion&#8220;-Websites wiedergegebenen Bilder, Filmsequenzen sowie Zeitungs- und Zeitschriftenartikel unterliegen zudem teilweise dem Urheberrecht Dritter. Eigene und andere Firmenbezeichnungen, Firmenlogos und Produktnamen, die auf der &#8222;racketmotion&#8220;-Website genannt werden, k\u00f6nnen gesch\u00fctzte Marken der jeweiligen Inhaber sein. Haftungsausschluss und \u00c4nderungsvorbehalt Obwohl die &#8222;racketmotion&#8220; [&hellip;]<\/p>\n","protected":false},"author":1,"featured_media":0,"parent":0,"menu_order":0,"comment_status":"open","ping_status":"open","template":"","meta":{"footnotes":""},"class_list":["post-24","page","type-page","status-publish","hentry"],"_links":{"self":[{"href":"https:\/\/www.RacketMotion.com\/RacketMotion\/wp-json\/wp\/v2\/pages\/24","targetHints":{"allow":["GET"]}}],"collection":[{"href":"https:\/\/www.RacketMotion.com\/RacketMotion\/wp-json\/wp\/v2\/pages"}],"about":[{"href":"https:\/\/www.RacketMotion.com\/RacketMotion\/wp-json\/wp\/v2\/types\/page"}],"author":[{"embeddable":true,"href":"https:\/\/www.RacketMotion.com\/RacketMotion\/wp-json\/wp\/v2\/users\/1"}],"replies":[{"embeddable":true,"href":"https:\/\/www.RacketMotion.com\/RacketMotion\/wp-json\/wp\/v2\/comments?post=24"}],"version-history":[{"count":9,"href":"https:\/\/www.RacketMotion.com\/RacketMotion\/wp-json\/wp\/v2\/pages\/24\/revisions"}],"predecessor-version":[{"id":921,"href":"https:\/\/www.RacketMotion.com\/RacketMotion\/wp-json\/wp\/v2\/pages\/24\/revisions\/921"}],"wp:attachment":[{"href":"https:\/\/www.RacketMotion.com\/RacketMotion\/wp-json\/wp\/v2\/media?parent=24"}],"curies":[{"name":"wp","href":"https:\/\/api.w.org\/{rel}","templated":true}]}}